
Suppose 9*c - 108 = -81. Is 4/(-10) - ((-9387)/35)/c composite?
False
Let w(c) = -28467*c + 983. Is w(-2) prime?
True
Suppose 4295237 = -44*c + 361*c + 390114. Is c a composite number?
True
Let i(k) = -955*k**3 + 6*k**2 - 31*k + 27. Is i(-8) prime?
False
Let b(x) be the second derivative of 29*x**4/12 + 3*x**2/2 - 2*x. Let f be b(-2). Let d = f + -30. Is d composite?
False
Let s be -123 + ((-21)/4 - 15/(-60)). Let f = s - -12051. Is f composite?
False
Suppose -3*o + 23 = 2*x, -3*x + 26 + 1 = 3*o. Suppose -6*d + x = -8*d, -d - 660 = -2*q. Is q composite?
True
Suppose 7*b = -0*b + 2*b. Suppose 2*n + 5*v + 0*v - 22 = b, 3 = -n + v. Is -447*(0 - -1)*(n - 2) a composite number?
True
Suppose 1441205 = 3*o + 4*a, 3*a + 9490 = 5*o - 2392470. Is o a composite number?
True
Is (2/6)/(-12 - (-923)/78) - -410929 prime?
False
Is (-1319004)/(-23) + -4 + 19 composite?
True
Let k(w) = -2*w**3 - 6*w + 9. Let o be k(-6). Suppose 2*p = -5*v + 4*v + o, -v + 501 = -4*p. Is v prime?
False
Suppose -4027*v + 36 = -4031*v. Let l(m) be the second derivative of -3*m**3/2 + 3*m**2 + m. Is l(v) a composite number?
True
Suppose 16 = -4*b, 5*s - 11*b + 13*b + 458 = 0. Let o = s + 90. Suppose o = -4*t + 17*t - 1339. Is t prime?
True
Let m(a) = 687*a**2 + 3*a + 3. Let q be -4 + (21/4 - (-15)/20). Is m(q) composite?
True
Let a(g) = -2092*g + g**3 - 31 + 18*g**2 + 4176*g - 2104*g - 2*g**3. Suppose 5*o - 20 = 45. Is a(o) a prime number?
False
Let x = 195504 - 99365. Is x a composite number?
True
Let m(t) be the first derivative of -7*t**2/2 - 4. Let i be m(-1). Suppose 0 = -i*y + 2396 + 362. Is y prime?
False
Let r(g) = -2*g**3 - 31*g**2 - 15*g + 13. Let d be r(-15). Suppose d*i = 18*i - 29245. Is i prime?
True
Let l = -16 - -24. Let w(z) be the first derivative of z**3 - 3*z**2/2 - 9*z - 95. Is w(l) composite?
True
Let h be 2105/((-7)/(-6 - 1)). Suppose 0 = -2*g + h + 1841. Is g a prime number?
True
Suppose 15*m = 58*m - 2029901. Is m a composite number?
False
Suppose -3*u = -10360 + 1534. Suppose 0 = -435*b + 437*b - u. Is b a composite number?
False
Let k be ((-4944)/4 - 4)*-4. Suppose -9*a + 14*a = k. Is (1/4)/(8/a) prime?
True
Suppose -2*a + 209841 = -132*q + 137*q, -104898 = -a - 7*q. Is a a prime number?
True
Let x(y) = 3*y**2 - 8*y - 2. Let f(h) = h**3 - 2*h + 7. Let z(b) = 8*b - 40. Let g be z(5). Let u be f(g). Is x(u) a composite number?
False
Suppose 4*g - 63016 = -3*d + 1309359, -457470 = -d + g. Is d prime?
False
Let h(u) = -2*u**2 + 8*u. Let w be h(4). Suppose w = -12*a + 7*a + 10. Is a/(-4) - (-2835)/14 a prime number?
False
Suppose -15 = -3*t, 1174 = 5*c - 4*t - 561. Let x = 547 - c. Let h = x + 601. Is h a composite number?
False
Let n = -11523 - -31112. Is n composite?
True
Let f = 10682 + -17508. Let i = 3036 - f. Is i composite?
True
Let r(k) = 11644*k**2 - 7*k. Is r(-1) composite?
True
Let b(p) = 3*p + 25. Let o be b(-7). Suppose 5*c + o*t + 6 - 41 = 0, 3*t = 4*c + 3. Suppose 0 = -c*m + 6*m - 2631. Is m prime?
True
Let n = 4431354 + -2616497. Is n a prime number?
False
Let p be ((-48)/(-40))/((-4)/(-10)). Suppose -10245 = -5*k - 5*u - 2695, 7556 = 5*k + p*u. Is k prime?
False
Let t be -3*2*255/(-9). Let c = 409 - 512. Let z = c + t. Is z a composite number?
False
Let w(y) = 47*y**2 + 26*y + 121. Let a be w(-9). Let s = a - 2292. Is s composite?
True
Let a(z) be the first derivative of 65*z**2/2 + 7*z - 11. Let x be a(-6). Let q = x - -876. Is q prime?
False
Is -11*(-2)/11*1 - -71*177 a prime number?
True
Let c be (-9)/(-15) - (-51)/15. Suppose 16 = c*o, -o - 1575 = -z - 3*o. Is z composite?
False
Let w be (-27)/(1620/24) + (-102)/(-5). Suppose -66094 = w*t - 22*t. Is t a composite number?
True
Suppose 5*i - 107 = 2*v + 86, 2*i + 4*v = 82. Suppose 33*q = i*q - 64842. Is q composite?
True
Let q(w) = w**2 - w. Let r(k) = 3*k**2 - 11*k + 4. Let y(j) = 4*q(j) - r(j). Is y(6) a prime number?
False
Suppose 11*u = 744416 + 175679. Is u a prime number?
False
Let a(z) = 15*z**2 + 25*z + 1207. Is a(54) a composite number?
True
Let s = -253935 - -401854. Is s composite?
False
Is 0 - 1*-64439 - (-484)/121 a prime number?
False
Let f(o) = 136*o**2 - 15*o. Let c be ((-3)/18*-3)/(2/28). Is f(c) a composite number?
True
Let g(z) = -59*z - 45 + 69*z + 102*z**2 - 24*z**2. Is g(7) composite?
False
Is (11 + -732916)*(-2 + (-27)/(-15)) composite?
False
Suppose -5*r - 41 = -4*t - 6, 0 = -t + 2*r + 11. Suppose t*d - 20 = -y, y - 2 + 9 = 4*d. Suppose -y = -5*c, 5*c = -4*q + 3*c + 24270. Is q a prime number?
True
Suppose 137307 = -100*u + 538007. Is u a composite number?
False
Suppose 11*u = 13*u - 30. Let i be ((-21)/4)/((15/4)/u). Let x(s) = -s**3 - 16*s**2 + 41*s - 5. Is x(i) a composite number?
True
Suppose -308110 - 78296 = -9*a. Is a a prime number?
False
Let r(z) be the second derivative of z**5/20 - 13*z**4/12 + 11*z**3/3 + 31*z**2/2 - 55*z. Is r(16) a composite number?
False
Suppose 125*a = 112*a + 657007. Is a prime?
True
Suppose 41459 + 5712 = 3*f - 2*u, -78655 = -5*f - 4*u. Is f composite?
False
Let i = -39 + 43. Suppose 0 = -0*t - i*t + 2368. Let r = 899 - t. Is r composite?
False
Let s(k) = -8 + 4 + 5 + 2 - 68*k. Is s(-6) prime?
False
Is (-60)/(-45) - (-558895)/15 a composite number?
True
Is (4/(-2))/(-10 + 463728/46373) prime?
False
Let r be 4/16 + -1*(-23)/4. Suppose 2*p = -4 + r. Is (380/2 - 1) + p + 1 a composite number?
False
Suppose 932786 = 11810*n - 11772*n. Is n composite?
False
Suppose -4*d + 523 = 31. Let f(i) = 694 + 5*i + 172 - d. Is f(0) prime?
True
Suppose -f + 20575 = -3*x, -19*f - 41156 = -21*f + 5*x. Is f a prime number?
True
Let z(q) = 0 - 8 + 3 + q + 0. Let x be z(9). Suppose -3165 = x*s - 7*s. Is s a composite number?
True
Let s be (-8 - -9)/(4/8). Is (-161095)/(-35) + s/7 a prime number?
True
Let l = 1580 + 2454. Is (-2)/(-52)*l + (-24)/156 a composite number?
True
Let g(k) = -2818*k + 1525. Is g(-12) composite?
True
Let k(i) = 1. Let l(d) = -258*d + 147. Let j(t) = -4*k(t) + l(t). Is j(-7) a prime number?
True
Let i be (-5)/15*(-3 + -21). Let n(a) be the second derivative of 23*a**3/3 + 5*a**2/2 + a. Is n(i) prime?
True
Suppose 4*t = -4*t - 24*t + 8828192. Is t composite?
False
Suppose 4*p - 1439524 = 2*s, 3*p - 45*s - 1079658 = -41*s. Is p a composite number?
True
Let f(y) = -2*y**3 + 2*y**2 + 5*y - 6. Let p be f(2). Let n be (p/8 - 0)*6. Is -3 - (n/1 - 1049) composite?
False
Let k(h) = -h**3 - 8*h**2 + 6*h - 15. Let f be k(-9). Let d(y) = -30 + 7*y + 37 + 2*y**2 + f*y**2. Is d(10) prime?
False
Let h be -2 - ((-7)/((-14)/(-12)) + 0). Suppose h*k + 1346 = 474. Let s = 33 - k. Is s prime?
True
Let t = -1747 - -4064. Is t a composite number?
True
Let q be (4/3)/2*(-60)/(-8). Suppose 0 = -2*p - q*h + 3438, 2*p - 4050 + 618 = -2*h. Suppose 4*w - 4*y + 106 = p, -y + 1226 = 3*w. Is w composite?
True
Let a(z) = 2*z + 48*z**2 - 9 - 83*z**2 + 3. Let m(c) = 141*c**2 - 7*c + 23. Let v(t) = -9*a(t) - 2*m(t). Is v(3) composite?
False
Let z(u) = 27*u**2 - 6*u + 8. Let q = 49 + -47. Suppose 6*p + q*j - 30 = 2*p, 2*p = -4*j + 30. Is z(p) composite?
False
Let i = 1399 + -351. Let y = 2191 - i. Let x = y + -706. Is x a composite number?
True
Let p = 32 + -15. Suppose -p = -3*x - 2. Is (-23981)/(-6) + x/30 a prime number?
False
Let x(r) be the third derivative of r**6/120 + r**5/20 - 7*r**4/8 - 8*r**3/3 + 11*r**2. Let c be x(11). Let a = c - 978. Is a a prime number?
False
Suppose 18*s - 22897 - 48743 = 0. Suppose -u + a + s = 2*a, -4*a + 7966 = 2*u. Is u composite?
True
Suppose 5*y = u + 7217, -3*u - 3*y - 10191 - 11478 = 0. Let w = 12044 + u. Is w a prime number?
False
Let i = 22 + -18. Suppose 0 = i*k - 3138 - 14426. Is k composite?
False
Let d(n) = -21*n - 20. Let m = -41 + 33. Let z be d(m). Let i = z + -102. Is i a prime number?
False
Let i(s) = 340*s - 36. Let o be i(4). Is o/(6/(-120)*-16) a composite number?
True
Suppose -v - 6*h = -h - 4702, -4*h + 4703 = v. Suppose -v = -3*j - 2*l + 5*l, 3*l = j - 1565. Is j a prime number?
True
Let a(b) = 2036*b + 978. Is a(20) composite?
True
Let d = 11835 + -186. Suppose -8*z + d = -4967. Is z prime?
False
Let x(k) = -k**3 + 6*k**2 + 8*k - 11. Let w(l) = -l**2 - l. Let i(z) = 3*w(z) - x(z). Let u be i(10). Is -127*5/5*(-1)/u a prime number?
True
Let s(c) be the second derivative of 608*c**4/3 - 5*c**3/6 + 11*c**2